2*u + c. Is u prime?
True
Let y = 109110 + 973147. Is y prime?
False
Let v be 16/6*(-9)/(-12). Suppose 5*f - v*s = 5667, 4*f + 3*s + 2258 = 6*f. Is f prime?
False
Let s(p) = -313*p - 82. Let w be s(-17). Suppose -3*h + 3445 = 5*k - 1798, 3*h + 4*k = w. Is h a composite number?
False
Suppose 0 = 8*b + 8*b + 2656. Let i = 3759 + b. Is i composite?
False
Suppose 4*o + 36 = 0, -5*o - 130617 = 2*a - 357178. Is a composite?
True
Suppose 23 - 7 = 4*f. Let j(m) = 267*m**2 - 13*m + 33. Is j(f) composite?
False
Suppose j + 2183446 = 4*c + 6*j, -5*c = -5*j - 2729375. Is c a composite number?
True
Suppose -2*n - b + 0*b = -62, 3*b = 12. Let y(a) = 167*a**2 + 47*a**2 - n*a**2 + 5 - 2 - 3*a. Is y(2) composite?
True
Let w(j) = 4*j**2 - 13*j + 7261. Is w(0) a prime number?
False
Is (2 - -9275)*(-122)/9*(-1440)/320 prime?
False
Suppose -n + 329 - 39 = 3*y, -5*y = -10. Suppose -d = 5*w - 1781, w - 1513 - n = -d. Is d prime?
True
Suppose 0 = 4*j - 3*w - 6119, w + 3061 = 2*j - 0*j. Suppose j = -5*h - 3883. Let s = -574 - h. Is s a composite number?
False
Suppose -q = -2*q + 2*v + 6, 0 = -q + 3*v + 7. Let s be 6/((-8)/q - -4). Suppose -s*r = -653 - 2674. Is r composite?
False
Let y be 4/(6 - 4) + -6. Let c be y/2 - (-387)/9. Suppose -2018 = -43*v + c*v. Is v prime?
True
Let v be 178/16 - 4/32. Suppose 177 = -8*c + v*c. Let h = c + 528. Is h a composite number?
False
Suppose -14*b = -4*b - 5070. Suppose -3*i + b = -510. Is i composite?
True
Is ((-1772978)/(-184))/(1/4) composite?
False
Suppose -53*k + 2393529 = 17*k - 3006481. Is k composite?
True
Suppose -5*u + 1303 = 9963. Let p = u + 3239. Is p prime?
False
Let b(n) = 1628*n**2 - 58*n - 553. Is b(-9) a prime number?
True
Suppose 12*w = -3*w + 558510. Suppose 29*n = 34*n - t - w, -4*n + t = -29787. Is n composite?
True
Let d = -27578 - -49119. Is d composite?
True
Suppose 34*o = -588001 - 647525. Is o/2*(-26)/39 prime?
True
Let d be ((-55368)/45 - -13)/((-1)/10). Let o = d - 7129. Is o prime?
False
Suppose -28418 = 27*c - 6191 - 1344930. Is c a prime number?
True
Let m(h) = 433*h + 111. Let t be m(-15). Let w = t + 12289. Is w composite?
True
Suppose 3*y + 4114 = -9284. Let c = -2817 - y. Let q = c - 1150. Is q composite?
False
Suppose -2*d + 4*a = -489846, -16 + 11 = 5*a. Is d prime?
False
Suppose -2*l + 3*g = -180 + 1738, 0 = 3*l - 3*g + 2331. Let a = l - -2718. Is a composite?
True
Let w = -137 - -142. Suppose 0 = -4*r + l + 379, w*r = 3*l + 439 + 33. Is r composite?
True
Let c be 14*(6/(-10) - 2/5). Let x be (280/c)/(-1*1). Suppose -x - 1806 = -2*d. Is d a prime number?
False
Let l(z) = z**3 - 2*z - 18. Let b be l(3). Suppose 20912 = 4*u + 4*f, -u - b*u + 20910 = 2*f. Is u a prime number?
True
Let w(g) = 14*g**3 + 6*g**2 - g - 13. Suppose 2*u + 26 = 4*k, -u = -4*k + 4*u + 29. Is w(k) composite?
False
Let l(p) = -71977*p + 97. Is l(-1) prime?
False
Suppose -32*s = -34*s + 10. Let c be (s + -17)*(1 + -5). Is c/32*844/6 a prime number?
True
Suppose 19*q = 24*q - 5335. Suppose -l + 3*l - q = -3*t, 4*l + 1396 = 4*t. Is t a composite number?
False
Suppose 0 = -5*x - 2*n + 263 - 73, 5*x - n = 190. Suppose -43*u + 35455 = -x*u. Is u a composite number?
True
Suppose -6 = -3*x, 0 = 2*y - y + 4*x - 13. Suppose -5*u = -3*h - 20650, -7*h - 20645 = -y*u - 5*h. Is u prime?
True
Let c(s) = -26*s - 9*s + 3285 + 956. Is c(0) composite?
False
Suppose -2*q - q + 4*t + 25040 = 0, t + 16690 = 2*q. Suppose q - 98187 = -13*y. Is y a composite number?
False
Suppose 14*g + 13 = a + 11*g, -5*a = -2*g - 39. Is (0 - (a + -5 - 18634)) + 5 a prime number?
True
Suppose 284*t = 288*t - 16. Let r(z) = 42*z**3 + z**2 + z - 3. Is r(t) a composite number?
True
Suppose -4*l + 262963 = -3*s, 5*s - 65757 = -l + 9*s. Is l a composite number?
True
Suppose -2 = -2*a, 3*d + 307*a - 311*a = 3599. Is d a prime number?
True
Is (-9 - (-57269)/7)*28/8 prime?
True
Suppose 5*v - 3*v - 4*y + 116 = 0, 98 = -2*v - 5*y. Let t be (-36)/v*(-1 - -268). Suppose 0 = -a + t + 203. Is a a composite number?
True
Let f be -4*(-7)/(-28)*(-5 + 0). Suppose f*t - 9172 = -a, -5 - 1 = 2*a. Is t a prime number?
False
Suppose -10 = -424*w + 423*w. Suppose 30*t - 25402 = -4*k + 25*t, -5*t = w. Is k a composite number?
False
Let a be 0/7 - -1 - (0 + 7). Let i be ((-2)/a)/(2/114). Let m(p) = 21*p + 8. Is m(i) a prime number?
False
Let n(k) = 76*k**2 - 131*k + 2314. Is n(17) prime?
True
Let l be (-3)/9 - (-111)/9. Suppose -4*d = 7*g - 2*g + l, -d = 5*g + 3. Is -1 + (35 - -3) - g composite?
False
Let h(b) = 475*b**2 - 7*b - 21. Let t(l) = l**2 + 2. Let o(u) = h(u) + 2*t(u). Is o(5) prime?
False
Suppose -5*s + 3*h = -121591, 4*s - h = 55127 + 42143. Is s a composite number?
False
Suppose 0 = 2*t + 3*i - 30277, -118*t - i + 45398 = -115*t. Is t a composite number?
False
Let a = -875 + 543. Let o = a + 711. Is o composite?
False
Let q(w) = -21*w - 5. Let n be q(2). Let d = n - -55. Is (526/8)/(1/d) a composite number?
True
Let c(y) = 5*y**3 + 5*y + 1. Let z be ((-180)/21 - -8)/((-1)/7). Let t be c(z). Let a = t + -150. Is a prime?
True
Let x(h) be the first derivative of 3691*h**4/4 - h**3 - 3*h**2/2 + 8*h + 27. Let l be x(2). Suppose -15*i + l = 4753. Is i prime?
False
Is 675696/16 - (-72)/9 prime?
True
Suppose 0 = -x + 2*c + 7, -c - 14 + 0 = -2*x. Let n = x + -3. Suppose 5*q - 6418 = -k, 3*q + q = -n*k + 5144. Is q prime?
True
Is (48/(-3) + 15)*(-796805)/1 prime?
False
Let h(f) = -f**2 - 3*f - 1. Let w be h(-2). Let s be (-601 - 0)*(-5 + w). Is (18/24)/(1/s) - 2 a prime number?
True
Suppose -2*l - 8603 = 5*f - 205080, 117849 = 3*f - 5*l. Is f a composite number?
False
Let v(d) = -d**3 - 5*d**2 + 10*d + 10. Let q be v(8). Let o = 97 - q. Is o a composite number?
False
Let l be 5 - -2 - (1 - -2). Suppose -l*y = -0*y - 8. Is y - (-19 + 3) - 4 composite?
True
Suppose 129 = 2*d - 395. Suppose 13*q + 631 = -1670. Let x = d + q. Is x a composite number?
True
Let i = -6950 + 7099. Is i a composite number?
False
Let v(c) be the second derivative of 7*c**4/4 + 10*c**3/3 + 5*c**2/2 + 19*c. Let z(s) = -s**2 - 7*s + 12. Let m be z(-9). Is v(m) a composite number?
False
Suppose -9*u + 122322 = 4*h - 10*u, -4*h = 4*u - 122332. Is h prime?
False
Suppose -2454 = -3*q - n, 8*q - 4090 = 3*q + 4*n. Let a = 1476 - q. Let c = a - 213. Is c a prime number?
False
Suppose -78*l - 4*l + 4068058 = 4*l. Is l a prime number?
True
Suppose -8*w + 1096538 = -840510. Is w prime?
False
Let b(y) = -31*y**3 + 5*y**2 + 54*y - 51. Is b(-23) a prime number?
False
Let o be (-62)/((-21)/28*8/21). Suppose 4*q - 735 = -2*y + o, -4*q + 5*y = -938. Is q a composite number?
True
Let v = -38 - -38. Suppose -f - 28 + 34 = v. Suppose -2*u = -f*q + 2*q + 2330, 5*u - 1728 = -3*q. Is q prime?
False
Suppose 2*n - 8361 = 5*o, n - 2*o - 2828 - 1350 = 0. Let d = n + -2117. Is d a prime number?
False
Let b = 584 + -582. Suppose 0 = -2*f + 5*k + 34959, -15797 = -2*f + b*k + 19147. Is f a prime number?
True
Let b(f) = 42171*f + 2822. Is b(5) a prime number?
False
Is 564912/15 - 891/495 prime?
False
Let q be 2 - 910502/(-12) - (-48)/(-288). Suppose -60*r + q = -37*r. Is r a composite number?
False
Is (-5095)/(-6)*(34 + -28) a composite number?
True
Let p(k) = 570*k**2 + 54*k + 175. Is p(-14) composite?
True
Suppose -1229*o + 1223*o + 261102 = 0. Is o composite?
False
Suppose 3*g - 70484 = 5*u, 9*g - 13*g - u + 93994 = 0. Suppose -2*l - 45 + 49 = 0, 3*l - g = -4*y. Is y composite?
True
Suppose -132*g - 4974 = -110*g - 403130. Is g a composite number?
True
Suppose -956*m + 4*y = -953*m - 209923, 279908 = 4*m - 4*y. Is m composite?
True
Suppose -3 = -8*o + 3*o + b, 5*b + 15 = 4*o. Suppose 7*h + 16119 - 74590 = o. Is h a prime number?
True
Let d(s) = 410*s**3 + 50*s**2 + 40*s - 1. Is d(9) a composite number?
False
Let q = 8 - -65. Suppose q*z - 62*z = 33517. Is z composite?
True
Let s(i) = i**3 + 3*i**2 - 4*i + 3. Let r be s(-4). Suppose l = -g + r*g - 17083, 0 = 5*g + 4*l - 42727. Is g a composite number?
False
Let p be 8/(-2) + (1 - (-9 - -3)). Let w be 23 + -15 - 1*p. Suppose w*j - 5*q - 1529 - 6021 = 0, 3*q - 3 = 0. Is j a prime number?
True
Suppose 12 = 3*c, 3*y + 2*c - 7*c = 42187. Let u = y - -685. Is u/(-12)*(-5 - -3) a prime number?
True
Suppose -25*i + 18*i - 42 = 0. Is i + 50*(-210)/(-12) a composite number?
True
Let x be -5 + 2 + 2